of 25?
True
Does 66 divide 104025?
False
Does 23 divide 10797?
False
Is 194 a multiple of 32?
False
Does 12 divide 83?
False
Is 29 a factor of 1955?
False
Is 77 a factor of 2901?
False
Is 40 a multiple of 9?
False
Does 5 divide 2585?
True
Is 6049 a multiple of 60?
False
Is 837 a multiple of 27?
True
Is 49188 a multiple of 12?
True
Is 60 a factor of 789?
False
Is 94 a factor of 2977?
False
Is 12 a factor of 5833?
False
Is 3825 a multiple of 85?
True
Is 3064 a multiple of 8?
True
Is 56 a multiple of 56?
True
Does 16 divide 400?
True
Is 3660 a multiple of 30?
True
Is 19 a factor of 133?
True
Is 4 a factor of 3903?
False
Does 31 divide 2527?
False
Is 67180 a multiple of 20?
True
Is 23669 a multiple of 9?
False
Is 648 a multiple of 45?
False
Is 17 a factor of 31110?
True
Is 19 a factor of 7211?
False
Is 56928 a multiple of 16?
True
Is 13 a factor of 676?
True
Is 74 a factor of 7770?
True
Is 184 a factor of 10304?
True
Does 43 divide 1660?
False
Does 7 divide 265?
False
Is 92 a multiple of 9?
False
Does 13 divide 20051?
False
Is 18360 a multiple of 54?
True
Is 30 a factor of 2988?
False
Is 15 a factor of 2818?
False
Is 34701 a multiple of 80?
False
Is 9 a factor of 17444?
False
Is 4 a factor of 4088?
True
Does 87 divide 6960?
True
Is 51372 a multiple of 12?
True
Is 93 a factor of 35311?
False
Is 18991 a multiple of 7?
True
Is 4730 a multiple of 55?
True
Is 3 a factor of 2054?
False
Is 783 a multiple of 5?
False
Is 32 a multiple of 8?
True
Is 19 a factor of 9443?
True
Is 130 a factor of 3726?
False
Is 1656 a multiple of 29?
False
Is 9000 a multiple of 25?
True
Is 14 a factor of 43940?
False
Does 19 divide 988?
True
Is 17 a factor of 1785?
True
Does 219 divide 9855?
True
Is 389 a multiple of 108?
False
Does 7 divide 18501?
True
Is 38150 a multiple of 25?
True
Does 26 divide 9874?
False
Is 28 a factor of 173?
False
Does 55 divide 41739?
False
Is 95 a factor of 100827?
False
Is 5 a factor of 1690?
True
Is 950 a multiple of 18?
False
Does 54 divide 8249?
False
Does 159 divide 77816?
False
Is 1116 a multiple of 4?
True
Is 5911 a multiple of 23?
True
Is 4 a factor of 1300?
True
Is 25 a factor of 461?
False
Is 43 a multiple of 2?
False
Does 12 divide 13260?
True
Is 11 a factor of 4430?
False
Is 29 a factor of 7685?
True
Does 123 divide 11020?
False
Does 9 divide 252?
True
Is 27 a factor of 4772?
False
Does 34 divide 34?
True
Is 9 a factor of 88?
False
Is 30 a factor of 450?
True
Is 550 a multiple of 38?
False
Is 200 a factor of 2400?
True
Does 29 divide 14056?
False
Is 44 a factor of 4928?
True
Does 390 divide 24570?
True
Does 16 divide 1872?
True
Is 23250 a multiple of 150?
True
Is 54 a factor of 4973?
False
Is 56 a factor of 3586?
False
Is 52 a factor of 62036?
True
Is 10934 a multiple of 179?
False
Does 6 divide 21817?
False
Is 31 a factor of 9005?
False
Is 70 a multiple of 12?
False
Is 6202 a multiple of 9?
False
Is 16 a factor of 1104?
True
Is 7 a factor of 294?
True
Is 4563 a multiple of 9?
True
Is 350 a multiple of 20?
False
Does 92 divide 27876?
True
Does 17 divide 501?
False
Is 90 a factor of 25740?
True
Is 16517 a multiple of 22?
False
Is 554 a multiple of 71?
False
Is 900 a multiple of 20?
True
Is 9 a factor of 108154?
False
Is 8370 a multiple of 15?
True
Is 8 a factor of 3264?
True
Is 1908 a multiple of 106?
True
Is 6 a factor of 5850?
True
Does 77 divide 1207?
False
Does 19 divide 1822?
False
Is 32 a factor of 64?
True
Is 51 a factor of 408?
True
Does 162 divide 4999?
False
Is 3556 a multiple of 28?
True
Is 20821 a multiple of 96?
False
Is 16 a factor of 863?
False
Does 12 divide 600?
True
Is 313 a multiple of 33?
False
Does 35 divide 46410?
True
Is 6732 a multiple of 9?
True
Is 19 a factor of 800?
False
Is 2 a factor of 857?
False
Is 3033 a multiple of 48?
False
Does 165 divide 3960?
True
Is 4 a factor of 5488?
True
Is 56 a factor of 19842?
False
Is 360 a multiple of 83?
False
Does 11 divide 8271?
False
Does 33 divide 1056?
True
Is 21870 a multiple of 10?
True
Does 47 divide 235?
True
Is 3 a factor of 50?
False
Is 12 a factor of 26542?
False
Is 32452 a multiple of 244?
True
Does 38 divide 6802?
True
Does 4 divide 465?
False
Does 15 divide 686?
False
Is 44 a factor of 8492?
True
Is 5302 a multiple of 22?
True
Does 22 divide 2538?
False
Is 112 a factor of 21772?
False
Does 19 divide 36016?
False
Is 112 a multiple of 4?
True
Is 12919 a multiple of 18?
False
Is 7 a factor of 2637?
False
Is 27 a factor of 3213?
True
Does 7 divide 301?
True
Does 4 divide 7088?
True
Is 14 a factor of 728?
True
Is 12 a factor of 92?
False
Is 13 a factor of 1697?
False
Does 14 divide 18214?
True
Is 2628 a multiple of 6?
True
Does 16 divide 1372?
False
Is 9 a factor of 14921?
False
Is 19 a factor of 3762?
True
Is 12 a factor of 5678?
False
Is 22230 a multiple of 90?
True
Does 3 divide 164?
False
Does 19 divide 667?
False
Does 31 divide 1054?
True
Is 29 a factor of 9549?
False
Is 12 a factor of 1104?
True
Is 2425 a multiple of 25?
True
Is 6 a factor of 62?
False
Does 8 divide 1800?
True
Is 40 a factor of 632?
False
Is 6670 a multiple of 108?
False
Is 970 a multiple of 10?
True
Is 10380 a multiple of 15?
True
Does 5 divide 240?
True
Is 56 a factor of 1196?
False
Does 22 divide 1253?
False
Is 26 a factor of 431?
False
Does 53 divide 3188?
False
Does 48 divide 66432?
True
Is 10 a factor of 60?
True
Does 4 divide 159?
False
Is 196 a factor of 80090?
False
Is 630 a multiple of 18?
True
Is 15163 a multiple of 257?
True
Is 63 a factor of 45738?
True
Does 135 divide 5940?
True
Is 58 a factor of 11540?
False
Does 7 divide 479?
False
Does 32 divide 6912?
True
Is 15 a factor of 68370?
True
Is 2002 a multiple of 11?
True
Is 54880 a multiple of 160?
True
Is 1976 a multiple of 40?
False
Is 45 a factor of 36045?
True
Does 10 divide 840?
True
Is 1048 a multiple of 16?
False
Is 9 a factor of 57465?
True
Does 18 divide 813?
False
Does 94 divide 4324?
True
Is 15 a factor of 2524?
False
Is 13696 a multiple of 148?
False
Is 96 a factor of 8256?
True
Is 16 a factor of 223?
False
Does 4 divide 1568?
True
Does 47 divide 9776?
True
Does 3 divide 1878?
True
Does 19 divide 1867?
False
Is 20 a factor of 87?
False
Is 1761 a multiple of 5?
False
Is 3 a factor of 383?
False
Is 1118 a multiple of 12?
False
Does 49 divide 3822?
True
Is 198 a factor of 858?
False
Is 13 a factor of 1206?
False
Is 4728 a multiple of 197?
True
Is 454 a multiple of 8?
False
Is 449 a multiple of 6?
False
Does 6 divide 41244?
True
Is 7 a factor of 15208?
False
Does 40 divide 7880?
True
Is 40194 a multiple of 406?
True
Does 19 divide 484?
False
Is 240 a multiple of 12?
True
Does 3 divide 2503?
False
Is 36 a factor of 40644?
True
Does 7 divide 1159?
False
Is 75 a factor of 2405?
False
Is 25096 a multiple of 30?
False
Is 29 a factor of 1044?
True
Is 548 a multiple of 3?
False
Is 69 a factor of 483?
True
Does 18 divide 1662?
False
Does 24 divide 3000?
True
Is 8265 a multiple of 16?
False
Is 130 a factor of 14091?
False
Does 23 divide 1566?
False
Is 134 a multiple of 10?
False
Does 13 divide 9168?
False
Is 3066 a multiple of 6?
True
Is 261 a factor of 15660?
True
Is 27 a factor of 238?
False
Is 4 a factor of 212?
True
Is 2301 a multiple of 13?
True
Is 2934 a multiple of 9?
True
Does 17 divide 37078?
False
Does 5 divide 185?
True
Is 204 a factor of 10608?
True
Is 11 a factor of 52025?
False
Does 36 divide 2217?
False
Is 260 a factor of 56420?
True
Is 378 a multiple of 21?
True
Is 10 a factor of 1050?
True
Does 49 divide 8970?
False
Is 52 a factor of 1164?
False
Is 4 a multiple of 4?
True
Is 26783 a multiple of 24?
False
Does 12 divide 16207?
False
Is 1931 a multiple of 88?
False
Is 659 a multiple of 9?
False
Is 14 a factor of 3127?
False
Is 102708 a multiple of 36?
True
Is 64 a factor of 7473?
False
Is 6348 a multiple of 22?
False
Does 19 divide 893?
True
Is 28 a factor of 4340?
True
Is 41592 a multiple of 12?
True
Is 23 a factor of 161?
True
Is 19 a factor of 763?
False
Does 9 divide 23553?
True
Is 2730 a multiple of 15?
True
Is 38 a factor of 30476?
True
Is 881 a multiple of 25?
False
Is 152 a factor of 4307?
False
Is 56365 a multiple of 25?
False
Is 1295 a multiple of 5?
True
Is 84 a factor of 7724?
False
Is 3552 a multiple of 8?
True
Is 96 a multiple of 16?
True
Is 50 a factor of 2040?
False
Is 6304 a multiple of 197?
True
